- 2*r = 48726. What are the prime factors of z?
13, 937
Suppose -3*b = -12*b + 112833. Suppose 8*d - b = 1135. Suppose 1283 = 17*y - d. List the prime factors of y.
2, 11
Let i(s) = 4943*s**2 - 46*s + 43. What are the prime factors of i(3)?
2, 31, 179
Let p(r) = 31*r - 3. Let t(n) = n**3 + 5*n**2 - 4*n + 9. Let v be t(-6). Let i be p(v). Let y = i + 255. What are the prime factors of y?
3, 53
Let c be -4 - (-1 - -5 - 8). Suppose -11*n + 22*n - 143 = c. List the prime factors of n.
13
Suppose -5*s - 2*r + 31712 = 0, 4*s + r + r = 25368. List the prime factors of s.
2, 13, 61
Let o = -369 - -363. Let u(f) = -f**3 + f**2 - 13*f + 6. What are the prime factors of u(o)?
2, 3, 7
Suppose 70*d - 20*d - 436 = -59*d. Let v = -2 + 4. Suppose -d*u = v*i - 238, -5*i = -u - 4*u + 335. What are the prime factors of u?
2, 31
Let f(r) = 9*r**2 - r + 2. Suppose -5*g + 14 = -2*t, -t - g + 6 + 1 = 0. Suppose t*x = 5*w - 9 - 0, 6 = -2*x + 2*w. What are the prime factors of f(x)?
2, 43
Let r be (4/(-8)*2)/((-1)/12). Suppose -4*u + r*u = 0. Suppose -3*i + i + 44 = u. List the prime factors of i.
2, 11
Suppose -5*c + 13 = 3, -c = 4*m + 1106. Let r = m + 389. List the prime factors of r.
2, 7
Let l be (44 - -7) + (-4)/(-1). Let w = l - 91. What are the prime factors of (w/(-9))/((-4)/(-10)) - 4?
2, 3
Let l(u) = -7*u - 83. Let v be l(-14). Suppose 0 = -v*b - 7*b + 14982. List the prime factors of b.
3, 227
Let y(k) = 3*k**2 + 24*k + 17. Let z be y(-7). List the prime factors of (z/(-2))/(11064/5526 - 2).
3, 307
Let u = -479 - -8623. List the prime factors of u.
2, 509
Suppose -4*d = -4*t - 1244, -7*t - 2 = -5*t. Let u = d - 129. What are the prime factors of u?
181
Let l = 651 + -441. What are the prime factors of (-13799)/(-10) + 21/l?
2, 3, 5, 23
Suppose 4*u - 4*j = 36, 7*u - j - 24 = 3*u. Suppose -4*v = u*q - 1059, 4*q + 2*v = -q + 1067. List the prime factors of q.
5, 43
Suppose -y = 10*y - 50292. What are the prime factors of y?
2, 3, 127
List the prime factors of (276/184)/((-6)/(-61000)).
2, 5, 61
Suppose 3*h = 3*t - 30886 - 125453, -5*t + 260571 = -7*h. List the prime factors of t.
2, 3, 5, 193
Let b = 2591 + -1382. Let y = b - 657. List the prime factors of y.
2, 3, 23
Let r be (-1)/4 - ((-31359)/12 + -5). Suppose 2554 + r = 12*p. What are the prime factors of p?
431
Suppose -5*b + 4*w + 45 = 0, 26*b + 2*w + 5 = 25*b. Let g(j) = 60*j - 16. List the prime factors of g(b).
2, 71
Let i = -11 + -22. Let m be 0 + 3/12 + i/4. What are the prime factors of 18/m - -2 - 149/(-4)?
37
Let g(n) = 20*n**3 + 10*n**2 - 103*n + 573. What are the prime factors of g(6)?
3, 5, 103
Let u(v) be the first derivative of v**2 + 12*v + 24. Let x be u(-4). Suppose x*a = -3*c - 28 + 169, -111 = -2*c + 3*a. What are the prime factors of c?
3, 17
Let x(y) = 46*y**2 - 851. List the prime factors of x(-25).
23, 1213
Suppose -4*b - 9*y = -5*y - 156, 0 = b - 3*y - 55. Suppose -7184 = -b*m + 35*m. What are the prime factors of m?
2, 449
Let x(k) = -k**3 - 26*k**2 + 134*k - 33. List the prime factors of x(-31).
2, 3, 103
Suppose 211 - 223 = -3*v. Suppose -v*b = 12, 4*i + 2368 = 8*i + 4*b. List the prime factors of i.
5, 7, 17
Suppose 5*n - 105 = p + 4*p, -2*n - 60 = 4*p. Let h be (17/(-4))/(2/(p - -1)). Let u = h + 46. What are the prime factors of u?
2, 5
Let k be ((-14)/(-2))/7 + -3. What are the prime factors of (k - (6 + -1)) + 255?
2, 31
Let c = -12625 - -19979. What are the prime factors of c?
2, 3677
Suppose -25*c + 19*c + 15216 = 0. List the prime factors of (216/(-96))/((-6)/c).
3, 317
Let u = 16530 - -24998. What are the prime factors of u?
2, 29, 179
Suppose -8*b + 10*b + 1741 = -3*k, 5*b + 4310 = k. Let j = 399 - b. What are the prime factors of j?
2, 631
Suppose -2*f - 3*t + 15 = 0, 7*f - 6*f - 18 = -5*t. What are the prime factors of 1/((f + -2)*(-7)/(-5509))?
787
Suppose 0 = 9*v - 66177 + 12123. Suppose 7*a - v = -14*a. List the prime factors of a.
2, 11, 13
Let x(m) = 363*m - 8582. What are the prime factors of x(94)?
2, 5, 1277
Suppose -56*k = -169*k - 21023 + 75941. List the prime factors of k.
2, 3
Let l be (-376)/(-40) - 9 - (-5093)/5. Suppose l + 633 = 4*h. List the prime factors of h.
7, 59
List the prime factors of (2 - (-12676 + 3)) + (-2)/10*5.
2, 6337
Let i = -366 - -508. Let x = 67 + i. List the prime factors of x.
11, 19
Let g(p) be the first derivative of p**4/2 + 11*p**3/3 + 15*p**2/2 + 4*p + 175. What are the prime factors of g(-3)?
2
Suppose 3*v - 2*m = 7*v + 264, -4*m + 288 = -4*v. Let a be ((-4)/(-7))/((-10)/(-35)). Let q = a - v. List the prime factors of q.
2, 5, 7
Suppose -2*c + 5 = 5*p, -4*p = -3*c - 3*p + 33. Suppose -7*a + 25 = -c. Suppose -2*r + 365 = a*i, -r - 400 = -5*i + 4*r. What are the prime factors of i?
3, 5
Let u = 572 + 1022. Suppose -u = -3*w - 1. What are the prime factors of w?
3, 59
List the prime factors of (-4850)/(-1) - (16 - 18).
2, 1213
Let d(x) = -3*x**3 - 8*x**2 - 5*x - 31. Let u be d(-7). List the prime factors of (-2 + 3)*(u - 2).
3, 71
Suppose -92*h + 13*h + 4649772 = 647079. List the prime factors of h.
3, 16889
Let r(a) = 13*a**3 + 44*a**2 + 12*a - 42. Let m(n) = 37*n**3 + 131*n**2 + 35*n - 126. Let z(g) = -6*m(g) + 17*r(g). List the prime factors of z(-38).
2, 3, 5
Let j(n) = n + 13. Let o be j(0). Let d(p) = -p**3 + 6*p**2 + 3*p - 44. Let i(q) = q**2 + 2. Let k(c) = -d(c) - 6*i(c). List the prime factors of k(o).
2, 3
Suppose 5*r = m + 538, 0 = -4*m + r - 0*r - 2152. Let v = -126 - m. What are the prime factors of v?
2, 103
List the prime factors of 6 - -3 - -20400 - (-15)/(-3).
2, 5101
Let s(y) = 22802*y**2 + 25*y - 26. List the prime factors of s(1).
151
Suppose -5*w - 2129 = -2099. List the prime factors of 32403/35 + w/(-5).
3, 103
Suppose 60*o - 4*m + 9446 = 63*o, 0 = 2*o + m - 6289. List the prime factors of o.
2, 1571
Let d = 305 + -305. Suppose d = -19*q + 2011 + 1048. List the prime factors of q.
7, 23
Let h be 6/(-3) + 26 + -6. Suppose u - 7 + h = 0. List the prime factors of -3 + u/(55/(-830)).
163
Let a = -7027 - -8996. List the prime factors of a.
11, 179
Suppose 34*d = 13849 + 29705. List the prime factors of d.
3, 7, 61
Suppose 0 = -4*j - 3*l + 4554, 11*l - 10*l = 2*j - 2262. What are the prime factors of j?
2, 3, 7
Suppose 41*d + 104 = 43*d. Suppose 12*w + d = 2248. List the prime factors of w.
3, 61
Let z be (0 + -1 + 2)/(15/3945). Let a(c) = -177 + z - c**2 + 2*c + 0*c. What are the prime factors of a(0)?
2, 43
Let k(q) = 4*q**3 + 7*q**2 - 5*q - 1. Let t be (-2 + 1)/(68/16 - 4). Let l be k(t). Let o = 234 + l. What are the prime factors of o?
109
Suppose 5*u = 2*j + 58619, -2*j - 8 = 2*j. Suppose -679 = -26*h + u. What are the prime factors of h?
3, 53
Let d(b) = 5643*b**2 + 50*b - 1. List the prime factors of d(-1).
2, 3, 233
Let u(s) = -42*s + 17. Suppose 6*g - 35 = -47. List the prime factors of u(g).
101
Let i = 7591 + -586. List the prime factors of i.
3, 5, 467
Suppose -173 = -3*u + 4*j + 109, 2*u - 4*j = 192. What are the prime factors of 10/(u/(-33))*-6?
2, 11
Let c(y) = -y**3 + 14*y**2 + y + 20. Let z be c(14). Let q = -34 + z. Suppose 5*m - 324 = -2*x, -2*x + 2*m = -q*x - 310. List the prime factors of x.
157
Suppose -4*m + 34018 = -30898 - 28300. What are the prime factors of m?
2, 3, 971
Let m(h) = 51*h**3 - 40*h**2 + 208*h + 50. What are the prime factors of m(6)?
2, 5437
Let p(u) be the third derivative of u**6/60 - u**5/3 + u**4/24 - 15*u**3/2 + 2*u**2 - 4*u. What are the prime factors of p(11)?
2, 13
Suppose 12*z - 35940 = -18*z. Let x = z + -708. List the prime factors of x.
2, 5, 7
Let k(n) = n**2 - 17*n + 30. Let f be k(3). What are the prime factors of ((21275 + 1)/f)/(3/(-2))?
2, 3, 197
Suppose 351*i + 5*b - 228924 = 348*i, 2*b + 6 = 0. List the prime factors of i.
17, 67
Suppose 5*l = 4*l + 880. Suppose 0 = w + 5*u - 4*u - 293, 4*u = -3*w + l. Suppose -w + 32 = -5*f. List the prime factors of f.
2, 13
Let j(y) be the second derivative of 17*y**5/120 - 9*y**4/8 + 11*y**3/6 - 11*y. Let a(w) be the second derivative of j(w). List the prime factors of a(14).
211
Let r = 33 - 37. Let v(h) = h + 7. Let l be v(r). Suppose 3*i - 4*w = 188, -5*i - l*w + 8*w + 310 = 0. List the prime factors of i.
2, 3, 5
Let t(j) = -36*j**3 - 5*j**2 + 56*j + 391. What are the prime factors of t(-6)?
7, 1093
